19131 a multiple of 51?
True
Is 325 a factor of 972568675?
True
Is 101263716 a multiple of 12?
True
Is 1113580338 a multiple of 58?
True
Is 920421990 a multiple of 1207?
True
Does 46 divide 351793916?
False
Is 39568100 a multiple of 10?
True
Is 61 a factor of 143150347?
True
Is 45 a factor of 56415465?
True
Does 413 divide 49332137?
False
Is 258667520 a multiple of 152?
True
Is 167132653 a multiple of 188?
False
Is 43 a factor of 15947166?
False
Is 241793731 a multiple of 1439?
True
Is 1466 a factor of 100419534?
True
Does 13 divide 84762499?
False
Is 5274 a factor of 320686308?
False
Is 4 a factor of 119499844?
True
Is 15 a factor of 11260305?
True
Is 86 a factor of 482209654?
True
Is 25 a factor of 17408775?
True
Is 2192 a factor of 79192225?
False
Is 9 a factor of 39035925?
True
Is 52171591 a multiple of 21?
False
Is 3597 a factor of 124125276?
True
Is 48929995 a multiple of 85?
True
Does 1012 divide 319829818?
False
Does 278 divide 78076817?
False
Is 312 a factor of 1495191984?
True
Does 88 divide 12285416?
True
Does 389 divide 109663768?
True
Is 246533168 a multiple of 156?
False
Is 2265694976 a multiple of 19?
True
Is 64 a factor of 454686180?
False
Does 1647 divide 276635061?
True
Is 41 a factor of 552175372?
True
Does 13 divide 45047171?
True
Does 190 divide 773099360?
True
Is 121 a factor of 18165730?
True
Is 6 a factor of 710968?
False
Does 28 divide 44840572?
True
Is 3042331 a multiple of 12?
False
Is 3820153 a multiple of 15?
False
Is 42074434 a multiple of 51?
False
Does 1276 divide 610248276?
True
Does 1854 divide 99584938?
False
Is 888878704 a multiple of 1799?
True
Is 5250592 a multiple of 568?
True
Does 18 divide 65573488?
False
Does 3 divide 5434169?
False
Does 86 divide 25035718?
True
Is 39381400 even?
True
Does 316 divide 550900673?
False
Is 376828901 a multiple of 529?
False
Is 278067593 a multiple of 28?
False
Does 875 divide 13660500?
True
Does 103 divide 15065877?
False
Is 105 a factor of 23523990?
True
Is 565 a factor of 42240530?
True
Is 15052174 a multiple of 137?
False
Is 1217464750 a multiple of 2551?
True
Is 24 a factor of 132226028?
False
Is 51 a factor of 35548101?
False
Does 164 divide 7867408?
True
Is 96403996 a multiple of 24?
False
Is 6 a factor of 144191118?
True
Does 599 divide 51609241?
True
Is 5 a factor of 1674015?
True
Does 35 divide 110816745?
False
Does 31 divide 12485882?
False
Is 988351581 a multiple of 1603?
False
Does 2204 divide 30492340?
True
Is 816250875 a multiple of 363?
True
Does 7761 divide 428200317?
False
Is 70 a factor of 117997180?
True
Is 1441289577 a multiple of 702?
False
Does 4 divide 3093266?
False
Does 259 divide 432569324?
False
Is 18 a factor of 880994784?
False
Is 2 a factor of 5679542?
True
Is 504 a factor of 65906747?
False
Is 105 a factor of 192749235?
True
Is 847160424 a multiple of 108?
True
Is 56591151 a multiple of 31?
True
Does 42 divide 1216859657?
False
Does 203 divide 1115856896?
True
Does 34 divide 314758617?
False
Is 391697350 a multiple of 1045?
True
Is 10 a factor of 1067763009?
False
Is 237582388 a multiple of 316?
True
Does 101 divide 4933143?
True
Is 230848842 a multiple of 2?
True
Is 758 a factor of 307489295?
False
Does 105 divide 165597654?
False
Does 164 divide 8894310?
False
Is 163 a factor of 96546652?
False
Is 12863 a factor of 1233548837?
True
Does 124 divide 401072785?
False
Is 11 a factor of 2258150376?
False
Is 410 a factor of 124352590?
True
Does 162 divide 1873054803?
False
Is 493125015 a multiple of 107?
True
Is 48 a factor of 222137520?
True
Is 43205800 a multiple of 479?
True
Is 10327007 a multiple of 52?
False
Is 35565999 a multiple of 991?
True
Is 264 a factor of 3309768?
True
Is 17446978 a multiple of 74?
False
Is 394 a factor of 977172449?
False
Is 222304866 a multiple of 665?
False
Is 40 a factor of 3997783?
False
Does 20 divide 1515479239?
False
Does 18 divide 65890224?
True
Is 623 a factor of 114929818?
False
Is 16201910 a multiple of 5?
True
Is 2302350711 a multiple of 1293?
True
Is 64 a factor of 104318400?
True
Is 846693727 a multiple of 191?
False
Is 363339704 a multiple of 2296?
True
Is 24593533 a multiple of 28?
False
Does 36 divide 547387560?
True
Is 22 a factor of 22920282?
True
Does 2 divide 5290625?
False
Is 40 a factor of 81188800?
True
Does 837 divide 13162618?
False
Does 16 divide 78948407?
False
Is 78657799 a multiple of 12?
False
Is 5845864 a multiple of 92?
True
Is 156 a factor of 288577191?
False
Is 576 a factor of 35290944?
True
Does 22 divide 2803905?
False
Is 150584994 a multiple of 133?
True
Is 607089430 a multiple of 50?
False
Is 231824058 a multiple of 964?
False
Is 869764187 a multiple of 2?
False
Is 1257 a factor of 25147483?
False
Does 376 divide 76699864?
True
Is 270 a factor of 541079398?
False
Does 404 divide 149475855?
False
Is 17306592 a multiple of 168?
False
Is 810832229 a multiple of 23?
False
Is 1192283610 a multiple of 102?
True
Is 424255234 a multiple of 2711?
True
Is 205 a factor of 484951349?
False
Is 604 a factor of 377666100?
True
Does 151 divide 8868230?
True
Does 78 divide 135879198?
True
Is 136245104 a multiple of 47?
True
Is 159 a factor of 159388636?
False
Is 28 a factor of 239558256?
True
Is 57 a factor of 9005562?
False
Does 80 divide 754098497?
False
Is 19400843 a multiple of 6?
False
Does 37 divide 1476136016?
True
Does 803 divide 425695822?
False
Is 751526344 a multiple of 577?
True
Is 125 a factor of 671539375?
True
Is 219 a factor of 64059085?
False
Does 9 divide 849649086?
True
Does 15 divide 24086670?
True
Does 4881 divide 2457061233?
True
Is 2810792138 a multiple of 3814?
True
Does 758 divide 1303080019?
False
Is 97 a factor of 31502021?
False
Is 63 a factor of 3604211604?
True
Does 24 divide 65304499?
False
Is 52 a factor of 187103?
False
Is 407 a factor of 13084678?
False
Does 6211 divide 936902779?
False
Is 484260125 a multiple of 79?
True
Does 98 divide 930421611?
False
Does 60 divide 740143238?
False
Does 34 divide 29374368?
True
Does 130 divide 1868551490?
True
Is 56 a factor of 44974892?
False
Is 5890518 a multiple of 1386?
False
Is 28 a factor of 803699107?
False
Does 5130 divide 214639200?
True
Does 4412 divide 1261342268?
True
Is 60023536 a multiple of 197?
True
Is 12 a factor of 37905040?
False
Does 29 divide 49804600?
True
Is 285 a factor of 772702830?
True
Is 683 a factor of 524036778?
False
Is 83382450 a multiple of 646?
True
Does 66 divide 1857002?
False
Is 1419962 even?
True
Is 26 a factor of 20894706?
False
Is 6 a factor of 60835773?
False
Does 7 divide 10920539?
True
Is 1334648370 a multiple of 1983?
False
Is 64 a factor of 21427328?
True
Does 363 divide 392216418?
True
Is 10459435 a multiple of 24?
False
Is 982278250 a multiple of 125?
True
Is 3134509491 a multiple of 2911?
True
Is 1941129926 a multiple of 1901?
False
Is 911 a factor of 5425916?
True
Does 2852 divide 870335765?
False
Is 7224480 a multiple of 30?
True
Is 86816840 a multiple of 10?
True
Is 41254120 a multiple of 1796?
True
Is 31042841 a multiple of 285?
False
Is 522 a factor of 157469652?
True
Is 32130791 a multiple of 1955?
False
Is 86 a factor of 40349207?
False
Is 16 a factor of 81245122?
False
Is 882 a factor of 101851596?
True
Is 54222434 a multiple of 8?
False
Is 16 a factor of 138042096?
True
Does 3851 divide 187458978?
True
Is 289 a factor of 435817888?
False
Is 436994557 a multiple of 443?
False
Is 475117209 a multiple of 63?
True
Is 3804732 a multiple of 84?
False
Does 2254 divide 91260080?
False
Is 1242020 a multiple of 170?
True
Is 25 a factor of 19943700?
True
Is 7 a factor of 11037081?
False
Is 24940559 a multiple of 7?
True
Is 50862562 a multiple of 159?
False
Is 81 a factor of 13801723?
False
Is 482885 a multiple of 19?
True
Is 1756015170 a multiple of 17?
True
Is 310 a factor of 35708382?
False
Is 148 a factor of 1375364?
True
Is 119 a factor of 324098327?
False
Is 82 a factor of 4660454779?
False
Does 257 divide 1126283884?
False
Is 1639336615 a multiple of 1589?
False
Is 4140453316 a multiple of 302?
False
Does 33 divide 37695517?
False
Does 1624 divide 149265088?
True
Is 590 a factor of 156292386?
False
Is 114356537 a multiple of 3728?
False
Is 109160903 a multiple of 304?
False
Is 20 a factor of 38734400?
True
Does 12 divide 126869898?
False
Does 1003 divide 294843886?
Tru